7, -2*r - 5*z = -295. Calculate the highest common divisor of 30 and r.
30
Suppose -5*b + 255 = -425. Calculate the highest common divisor of b and 17.
17
Suppose -22 = -4*m + 14. Let i = -4 + 6. Let x be (-3)/6*(i + -20). What is the highest common divisor of x and m?
9
Suppose -5*b + 0 = -10. What is the greatest common factor of b and 10?
2
Suppose 271 = i + 3*s, i - 4*s - 229 = 14. Calculate the highest common factor of 37 and i.
37
Let h be 2 + -1 - 1 - -2. Suppose 5*b = g + 19, 0*b - 11 = -b + 2*g. What is the highest common factor of b and h?
1
Let x = -3 + 7. Suppose 2*o - 5*z = -16, -7 = -z - 3. Suppose 3 - 1 = o*m. Calculate the highest common factor of m and x.
1
Suppose -2*p = -4*j + 4, 0*j = 2*p + 4*j - 28. What is the highest common divisor of 4 and p?
2
Let l(i) = i**2 + 2*i + 2. Let c be l(4). Suppose -t - t + c = 0. Calculate the highest common divisor of t and 52.
13
Let z = 39 - 11. Let y(s) = 2*s**3 - 2*s**2 + 3*s + 4. Let l be y(4). Calculate the highest common factor of z and l.
28
Let o = -20 - -24. Calculate the greatest common divisor of o and 32.
4
Suppose -2*l - 7*l + 90 = 0. Suppose -3*y + 11 = -x, -27 = x - 5*y - 6. Suppose -p = -x*p + 330. What is the greatest common factor of l and p?
10
Let s(n) = -n + 5. Let j be s(-4). What is the greatest common divisor of 9 and j?
9
Suppose 6 = -3*a + 21. Let u(z) = 5*z - 5. Let b be u(a). What is the greatest common factor of b and 4?
4
Suppose 3*y = 5*m - y - 27, -m = -3*y - 1. Calculate the greatest common factor of m and 1.
1
Suppose 0*s + 5*v + 27 = s, 4*v + 48 = 3*s. Let m(c) = -c**3 + 10*c**2 - 7*c + 10. Let o be m(7). What is the greatest common factor of o and s?
12
Let g be (-4*(-12)/(-16))/(3/(-94)). What is the greatest common factor of g and 141?
47
Let m(h) = h**2 + h + 14. Let p be m(0). Calculate the greatest common divisor of p and 42.
14
Let x(c) = c**2 + 5*c + 2. Let p be x(-5). Suppose -12 = -p*w - 6. Suppose l + 4*m - 28 = -9, 2*l - m = 56. What is the greatest common divisor of l and w?
3
Let l = 0 + 2. Suppose -n + l + 4 = 0. Calculate the greatest common divisor of n and 4.
2
Suppose -3*o - 4 = -61. Suppose -4*l + 43 = 5*z, -o = -4*z + z + l. Calculate the highest common divisor of z and 1.
1
Let b(q) be the second derivative of q**4/6 + q**3/6 - q**2 - 2*q. Let u be b(2). What is the greatest common factor of u and 20?
4
Suppose 4*z = 5*o + 61, z = -3*z + 4*o + 56. Suppose 2*a - 6*a - 4 = 0. Let w be a/(-1) + z + -2. Calculate the highest common divisor of w and 24.
8
Suppose -4*o + 3*o = -22. What is the highest common divisor of 176 and o?
22
Let n(w) = 7*w - 6. Let h be n(4). Let u(d) = -7*d**3 - 4 + d**2 - 3*d**2 + 3*d**2 + 5 + 3*d. Let j be u(-2). Calculate the highest common divisor of j and h.
11
Let l be 1/3*75/1. Calculate the highest common divisor of 350 and l.
25
Suppose 0 = -3*q + y + 398, 0 = -5*y + 8 - 3. Let r be 3/21 + (-396)/(-21). What is the greatest common divisor of q and r?
19
Let n(u) = u + 3. Let i be n(0). Let m(t) = -t**2 + t + 1. Let l be m(2). Let a = l + i. Calculate the highest common factor of 2 and a.
2
Let h = 47 + -36. Calculate the greatest common divisor of 44 and h.
11
Let p = -4 - -104. Calculate the greatest common factor of p and 20.
20
Suppose -4*z + 3*h + 51 + 201 = 0, -h + 202 = 3*z. Calculate the highest common factor of 6 and z.
6
Let g = -5 + -8. Let j = 17 - g. Calculate the greatest common factor of 45 and j.
15
Suppose -3*c + 4*c - 34 = -2*a, -a + 5*c = 5. Calculate the highest common factor of 5 and a.
5
Let o be 6/9*(4 + 101). What is the greatest common divisor of 10 and o?
10
Suppose -24 = -2*h - 2*h. Suppose -h*s + 2*s + 36 = 0. What is the greatest common divisor of s and 36?
9
Suppose m = -0*m + 3*x + 18, -3*x = 5*m. Let p(i) = 7*i**2 + 7*i**2 - 5 - m*i**2 - 3*i + 3. Let h be p(3). What is the highest common factor of 11 and h?
11
Let o be (-4 - (-5 - -3)) + 46. Calculate the highest common divisor of 66 and o.
22
Let z be 8/(-2)*(-4 - -3). Calculate the greatest common divisor of 1 and z.
1
Let t be (1 - 4)/((-2)/60). Suppose -5*b = 3*u - t, -b + 4 = u - 24. Let c be 3 + 2/4*14. What is the greatest common divisor of u and c?
5
Suppose -25 = -3*j - 2*j. Suppose 4*l - 30 + 4 = -j*u, 2*l - 2 = 3*u. What is the highest common factor of 4 and u?
2
Suppose v - 1 = 4*l - 12, 3*l - 5*v + 13 = 0. Suppose 4*i - 2*i = 2. Let c be -2*(-12)/(i + 1). What is the greatest common divisor of c and l?
4
Suppose -5*m + 1065 = -g, 2*m + 6*g = g + 453. Let a = m - 78. Suppose 4*y = -0*y + 68. Calculate the highest common divisor of a and y.
17
Suppose -4*w + w = -2*z - 208, -2*w + 143 = 3*z. Calculate the greatest common divisor of 20 and w.
10
Suppose 5*n = 2*j - 23, 0 = 2*j - 7*j + 5*n + 65. Suppose -84 = -2*z + 140. What is the highest common factor of j and z?
14
Suppose -72 = 15*g - 492. Calculate the highest common factor of 308 and g.
28
Let j = -60 + 138. What is the highest common divisor of 39 and j?
39
Suppose 0 = -j + m + 41, -j = -6*j + 3*m + 195. Calculate the greatest common factor of j and 9.
9
Let n = -17 - -150. What is the highest common factor of 38 and n?
19
Let a(w) = 154*w**3 + w - 1. Let s be a(1). Let m(q) = q**2 + 11*q + 24. Let y be m(-10). What is the highest common factor of s and y?
14
Let k(x) = 5*x + 17. Let f(i) = -2*i - 9. Let q(u) = -7*f(u) - 3*k(u). Let p be q(8). What is the greatest common factor of 4 and p?
4
Suppose 4*p = 2*c + 360, 4*p + 76 - 420 = -2*c. Calculate the greatest common factor of 11 and p.
11
Suppose -14*h + 0*h + 126 = 0. Suppose -2*x + g = -4, -3*g = -4*x + 5*x - 9. What is the highest common divisor of x and h?
3
Let w(h) = -h - 7. Let y be w(-8). Calculate the highest common factor of y and 16.
1
Suppose -j = -2*i + j, 24 = 4*i + 4*j. Suppose -16 = -i*m - m. Let t be 2/10 + m/5. Calculate the greatest common divisor of t and 4.
1
Suppose 7*k - 2*k + 5 = 0. Let m be (k/2)/((-6)/72). Calculate the greatest common factor of 18 and m.
6
Let c be (-1)/(-4) - (-206)/8. Suppose -c = -2*y - 4*s + 8, -4*y + 118 = -2*s. Suppose 9 = 7*x - 4*x. Calculate the highest common factor of y and x.
3
Let z(m) = -m + 2. Let v be z(5). Let p = v + -5. Let q = p - -13. Calculate the highest common divisor of 15 and q.
5
Suppose 2*w - 68 = -4*c, 4 - 2 = -w. What is the greatest common factor of 162 and c?
18
Let q(b) = b + 4. Let p be q(-4). Suppose 3*a - 12 + p = 0. Suppose -a*g + 25 = g. Calculate the greatest common factor of 40 and g.
5
Let n = -72 - -128. Suppose 2*a - n = -4*q, -4*a + 4*q + q = -112. What is the highest common factor of a and 70?
14
Let a be (9/6 - 3)*-2. Suppose 4*y = a*b + 53, y - 3*b - 8 = 12. Suppose -f - 88 = -5*f. What is the highest common divisor of f and y?
11
Let n be 152/(-7) + (-4)/14. Let k = n + 37. Suppose -3*o + 30 = 2*o. Calculate the highest common divisor of k and o.
3
Suppose 2*o - 4 = 4. Let t = o + -2. Let n be (24/14)/(8/84). Calculate the highest common factor of n and t.
2
Let o(f) = -3*f - 3. Let p be o(-4). Suppose -4*w + 0*w + 180 = 0. What is the greatest common factor of w and p?
9
Suppose 3*r - 23 = 5*a - 3, 0 = -5*a - 20. Let s be (4 - r)/2 - -8. Calculate the highest common divisor of s and 70.
10
Let s = -7 - -12. Suppose 2*u - 6 = -u - m, -5*m = -s*u + 10. Let c be 3 - 2/4*u. What is the highest common factor of 2 and c?
2
Let m be (-4)/3 - (-22)/(-33). Let n be -1 - m*(-39)/(-6). What is the highest common factor of 3 and n?
3
Suppose 6*h = h + 135. Suppose -28 = -4*g + 44. Calculate the highest common divisor of g and h.
9
Suppose -258 = 3*c + 5*y, c - 4*c + 2*y - 258 = 0. Let j be c/7 + (-6)/(-21). Let f be ((-16)/j)/(1/3). What is the greatest common factor of f and 4?
4
Let k = 19 + -19. Let x = 6 + k. What is the greatest common factor of x and 48?
6
Let x(u) = -2*u + 12. Let f be x(-4). What is the highest common divisor of 50 and f?
10
Suppose -2*y + 5*a + 17 = 0, 4*y - 2*a = 3*y + 9. What is the greatest common factor of 121 and y?
11
Suppose 0 = -3*v + 3*m + 87, m = 2*v + 2*m - 43. Suppose 3*i + i = -5*x + 52, 2*i = -3*x + v. Calculate the highest common divisor of 27 and i.
9
Let n(r) = 0*r**2 - r + r**2 - 1 + 5 - r. Let j be n(5). Calculate the highest common divisor of j and 209.
19
Suppose 0*p + 22 = p